201*4/36 is divided by 13?
9
Let h(i) = i**2 + 5*i + 12. Suppose 0 = -s - 0*s + 5. Suppose -s*j = -j - 136. What is the remainder when j is divided by h(-5)?
10
Let o(s) = 13*s - 15. Calculate the remainder when o(5) is divided by 13.
11
Suppose 3*u = -5*j + 24, -18 = -3*j + u - 4*u. Calculate the remainder when 2/(6/41)*j is divided by 14*(2 + (1 - 2)).
13
Let i be (2/(-6))/(2/(-12)). Suppose 83 = i*b - 5*o, 0 = -b - b - 2*o + 90. What is the remainder when b is divided by 2/8*-2*-30?
14
Suppose -5*w - 5*x + 40 = 10, -w - 5*x - 2 = 0. Calculate the remainder when 23 is divided by w.
7
Suppose -30 = 2*i - 4*i - 2*q, 72 = 5*i + 2*q. What is the remainder when 69 is divided by i?
13
Let a be (-2)/(-8) - 27/12. Let c be (1/a)/(2/(-44)). Let m = c + 3. What is the remainder when 27 is divided by m?
13
Calculate the remainder when 108/(-14)*(38/(-2) + 5) is divided by 29.
21
Suppose p + 27 = 4*p. Suppose 3*o - 5*r - 12 = 7*o, 26 = 3*o - 5*r. Suppose 0 = -6*s + o*s + 64. Calculate the remainder when s is divided by p.
7
Suppose 4*r - 3 = 5. Let g = r + 2. Let k = 4 - -3. Calculate the remainder when k is divided by g.
3
Suppose y + 3*u - 40 = 0, -4*y - u - 66 = -6*y. Calculate the remainder when y is divided by (-4)/(-14) + (-248)/(-14).
16
Suppose 4*n - 2*s - 190 = -62, -3*s - 32 = -n. What is the remainder when 190 is divided by n?
30
Let q(p) = p**2 + p. Let k be q(-8). Let z = k - 31. What is the remainder when z is divided by 14?
11
Let s(u) = -24*u**3 + u**2 - u - 1. Suppose 14 = -2*n + 4*w, -4*w = -5*n - 13 - 4. What is the remainder when s(n) is divided by 13?
12
Let y be (-2)/((-2)/(-189)*-3). Suppose -2*c = -y - 31. What is the remainder when c is divided by 12?
11
Let a(m) = -m**2 + 7*m - 5. What is the remainder when 3 is divided by a(6)?
0
What is the remainder when 6849/81 - (-4)/9 is divided by 43?
42
Suppose 4*p - 4 = 4*s, 0 = 4*p + 3*s - 0*s - 11. Suppose 3*m = 2*m + 3*d - 4, 6 = 4*m - d. What is the remainder when m is divided by p?
0
Let o = -47 + 85. Calculate the remainder when o is divided by (2/(-6))/(1/(-39)).
12
Let m(q) = -q**3 - q + 1. Let z(c) = 6*c**2 - 5*c - 1. Let a(s) = -m(s) - z(s). Suppose 3*o = o + 10. Calculate the remainder when 8 is divided by a(o).
3
Suppose i + 0 = 8. Let y(h) = 6*h**2 - 2*h. What is the remainder when y(-2) is divided by i?
4
Calculate the remainder when 22 is divided by 3*(-6)/9 + 15.
9
Let v(f) = -2*f + 1. Let c be v(3). Let w = -75 - -91. What is the remainder when w is divided by 1*-1*c - -1?
4
Suppose 3*s - 192 = -2*p + 7*s, -3*s = 5*p - 519. Calculate the remainder when p is divided by 21.
18
Let v(d) = 19*d + 2. Let y be v(5). Suppose -2*u = -37 - y. What is the remainder when u is divided by 23?
21
Suppose 0 = 2*k - 3*q, -30 = -5*k - 5*q + 20. Suppose -5*n + 3*n = -34. What is the remainder when n is divided by k?
5
Suppose 3*v + 8 = -7, -2*v = 4*l - 14. What is the remainder when l is divided by 4?
2
Suppose 3*y - 3 = 3*c + 21, -2*y - 4*c = -4. Let a = -21 + 37. What is the remainder when a is divided by y?
4
Let u = -35 - -50. Suppose -2*v = 5*g - 10, g + 2*v - v = -1. Calculate the remainder when u is divided by g.
3
Let h be (3 - -1)*(-18)/(-24). Suppose a = 10 + h. What is the remainder when 64 is divided by a?
12
Let o = -39 - -64. Let w be o*(-3)/3 - -2. Let k = -5 - w. What is the remainder when k is divided by 10?
8
Calculate the remainder when 49 is divided by 704/66 - 2/3.
9
Let x(n) = n**2 + 11*n + 36. Calculate the remainder when 14 is divided by x(-7).
6
Suppose -27*j = -23*j - 12. Calculate the remainder when j is divided by 1.
0
Suppose 5*n + 5 = 0, 6*o - o - 25 = -5*n. What is the remainder when 16 is divided by o?
4
What is the remainder when 16/40*(-230)/4*-2 is divided by 8?
6
Let u(l) = -l**3 + 9*l**2 + l + 10. Let v be u(8). Let b = v + -24. What is the remainder when b is divided by 15?
13
What is the remainder when 142 is divided by 0 - (66/9)/(4/(-6))?
10
Suppose 0 = 7*g - 63 - 14. Suppose f - 2 - 41 = 0. What is the remainder when f is divided by g?
10
Let a be (-46)/10 - (-2)/(-5). What is the remainder when 8 is divided by (-14)/a - 6/(-30)?
2
Let y be (-2)/3*(1 + -28). Suppose 4*d - 3*v = 36, 0 = -2*d + 4*v + v + y. Calculate the remainder when 16 is divided by d.
7
Suppose -265 = 2*k - 7*k. Let m be 2*4*1/2. Let f(c) = c**3 - 2*c**2 - 4*c + 2. What is the remainder when k is divided by f(m)?
17
Let f(v) = v**3 - 2*v - 1. Let r = 3 - 4. Let o be f(r). Suppose o = 3*l - 2*l - 20. What is the remainder when l is divided by 7?
6
Let c be -3*2*6/(-9). Suppose -2*w - w - c*f + 75 = 0, -w - 3*f = -30. What is the remainder when w is divided by 12?
9
Let s be (-16)/56 - 570/14. Let p = s - -60. What is the remainder when p is divided by 7?
5
Let v(j) = 2*j - 1. Let q be v(-2). Let u = -2 - q. Let p(a) = -a**2 - 7*a - 6. Calculate the remainder when p(-4) is divided by u.
0
Suppose -4*m + 44 = -44. Let z = -10 + 18. Calculate the remainder when m is divided by z.
6
Let k = 29 + -16. Let d = -39 - -46. What is the remainder when k is divided by d?
6
Suppose 0*g + 1352 = 13*g. Calculate the remainder when g is divided by 35.
34
Let n be ((-53)/(-3))/(4/12). Let b = n + -24. What is the remainder when b is divided by 11?
7
Let y(u) = -u**2 + u + 8. Let w be (2/1 + -2)/(-2). Let v be y(w). Calculate the remainder when ((-54)/v)/(6/(-16)) is divided by 10.
8
Calculate the remainder when 47 is divided by (-4 + (-25)/(-10))/(6/(-52)).
8
Suppose -3*w + 88 = 4*x - 132, 5*x + 116 = 2*w. Calculate the remainder when w is divided by 25.
18
Let p = -15 + 11. Let q = -2 - p. Suppose -x + q = -4. Calculate the remainder when x is divided by 4.
2
What is the remainder when 81 is divided by (0 - 3) + 12 + 2 - -1?
9
Let m(n) = 2*n + 4. Let y be m(-8). Let p = y - -23. What is the remainder when p is divided by 6?
5
Suppose -d + 1 + 4 = 0. Let v(k) = 22*k + 4. Let b be v(d). Calculate the remainder when b/(-4)*2/(-3) is divided by 7.
5
Let j = 21 - 9. What is the remainder when 34 is divided by j?
10
Suppose p - 1 - 1 = 0. Suppose 3*q + 3 = -y + 5, -p*y + 1 = 3*q. Calculate the remainder when 2 is divided by (0/(-3) + y)/(-1).
0
Let x(g) = 7*g. Let h be x(12). Let t = -34 + h. What is the remainder when t is divided by 17?
16
Let t = 37 - 15. What is the remainder when 84 is divided by t?
18
Let h = -14 - -26. Calculate the remainder when 57 is divided by h.
9
Let y be ((-2)/5)/((-3)/45). Let r = y - 3. Let f = -15 + 23. What is the remainder when f is divided by r?
2
Let n = -22 + 25. Suppose n*u - 194 = 34. What is the remainder when u is divided by 26?
24
Let b(a) be the third derivative of 11*a**5/30 + a**3/6 - a**2. Suppose -3*q + 183 = q + 3*v, -q + 41 = -4*v. What is the remainder when q is divided by b(-1)?
22
Let a be 1*(2 + 4/(-2)). Let j = -1 + a. Calculate the remainder when 25 is divided by j + 13 + (-2)/(-2).
12
Suppose 0 = -2*l + 2*k + 2, 0*l = -5*l + 3*k + 11. Calculate the remainder when 15 is divided by l.
3
Let v be 0/2 + (1 - 0). Calculate the remainder when 23 is divided by 5 - (1 - (3 + v)).
7
Suppose -5*n + 13 = -7. Suppose -n*v - 18 = 2*x - 4*x, -2*v = 4*x - 26. What is the remainder when 20 is divided by x?
6
Let o(q) = -85*q**3 + q**2 + q + 1. Let t be o(-1). Suppose 3*a = -4*i + 217 - t, 4*a - 158 = -2*i. Calculate the remainder when a is divided by 19.
18
Suppose 0 = -3*g + 7*g - 5*t - 333, 80 = g + 2*t. What is the remainder when g is divided by 42?
40
Let i(x) = x + 1. Let s(t) = -t - 8. Let g(m) = -5*i(m) - s(m). Calculate the remainder when 57 is divided by g(-3).
12
Let m be (-1)/(-2) - 52/(-8). Let y = 18 + m. What is the remainder when y is divided by 14?
11
Suppose 0 = -8*y + 11*y - 105. Calculate the remainder when y is divided by 24.
11
Suppose -b = -2*f + 33, 0 = 5*f - 0*f - 3*b - 81. Calculate the remainder when 34 is divided by f.
16
Suppose -s + 2 = 2*c - 7, -c = 3*s - 37. Suppose 14 = -0*u + 2*u. What is the remainder when s is divided by u?
6
Let r be (-104)/(-16) - 3/2. Suppose 0 = r*d + 15, -2*x + 3*d - 5 = -28. What is the remainder when 19 is divided by x?
5
Let f = 27 + -8. Calculate the remainder when f is divided by 10.
9
Let p(c) = -c**3 + 14*c**2 - 23*c + 11. Suppose 3*l - 16 = l. What is the remainder when p(12) is divided b